
False
Is 219643 prime?
False
Is 900129 composite?
True
Is 127189 composite?
False
Is 214511 composite?
True
Is 8419 prime?
True
Is 20477 a composite number?
False
Is 5269 a prime number?
False
Is 2653 prime?
False
Is 524789 a prime number?
True
Is 141 composite?
True
Is 4187 prime?
False
Is 118967 prime?
True
Is 2458013 a composite number?
True
Is 45233 a composite number?
False
Is 37946 a prime number?
False
Is 45769 a composite number?
True
Is 18187 a prime number?
False
Is 26457 a composite number?
True
Is 991 a prime number?
True
Is 34511 composite?
False
Is 41329 composite?
True
Is 1287779 prime?
False
Is 56197 a composite number?
False
Is 4028221 a composite number?
False
Is 1334233 prime?
True
Is 13393 a prime number?
False
Is 15223 prime?
False
Is 109423 a composite number?
False
Is 1000915 composite?
True
Is 5297 prime?
True
Is 18017 composite?
True
Is 241199 a composite number?
True
Is 19417 composite?
False
Is 109493 a prime number?
False
Is 132781 prime?
False
Is 881983 a prime number?
True
Is 90677 prime?
True
Is 504199 a prime number?
False
Is 233997 a composite number?
True
Is 316003 a composite number?
False
Is 67843 prime?
True
Is 4049 a composite number?
False
Is 10243 composite?
False
Is 4607 a composite number?
True
Is 38507 a composite number?
True
Is 145127 a composite number?
True
Is 2941 a prime number?
False
Is 29009 prime?
True
Is 4903 composite?
False
Is 211346 a composite number?
True
Is 1991039 composite?
True
Is 213951 a composite number?
True
Is 22873 prime?
False
Is 147703 composite?
False
Is 386083 composite?
False
Is 57142 a composite number?
True
Is 1096163 a composite number?
False
Is 253033 composite?
True
Is 174047 prime?
True
Is 22809 a prime number?
False
Is 188607 composite?
True
Is 5638 composite?
True
Is 34081 a prime number?
False
Is 16161 a composite number?
True
Is 4393 a prime number?
False
Is 174847 prime?
False
Is 52694 prime?
False
Is 191413 prime?
True
Is 79181 prime?
True
Is 889 prime?
False
Is 11677 prime?
True
Is 4046627 composite?
True
Is 2393 a composite number?
False
Is 769339 composite?
False
Is 119027 a prime number?
True
Is 253835 a prime number?
False
Is 2066543 a composite number?
True
Is 1399 composite?
False
Is 67129 prime?
True
Is 21709 a prime number?
False
Is 586151 composite?
True
Is 302083 prime?
False
Is 34401 prime?
False
Is 198251 composite?
False
Is 2231 a composite number?
True
Is 49081 prime?
True
Is 446977 composite?
True
Is 178729 prime?
False
Is 5560679 prime?
True
Is 38543 prime?
True
Is 401315 composite?
True
Is 815123 prime?
True
Is 530629 a composite number?
True
Is 157691 prime?
False
Is 64547 a prime number?
False
Is 24359 a composite number?
False
Is 251 a composite number?
False
Is 4270283 a composite number?
False
Is 3551 composite?
True
Is 736939 a prime number?
False
Is 55139 a composite number?
True
Is 71201 a composite number?
True
Is 416873 prime?
True
Is 3661 a prime number?
False
Is 32411 prime?
True
Is 6187 prime?
False
Is 46745 prime?
False
Is 1169033 a prime number?
False
Is 30593 prime?
True
Is 4441 a composite number?
False
Is 155027 prime?
True
Is 17657 a composite number?
False
Is 63695 prime?
False
Is 13963 prime?
True
Is 277031 a prime number?
False
Is 357223 a composite number?
True
Is 53479 composite?
False
Is 7087 composite?
True
Is 8135 a composite number?
True
Is 6257 composite?
False
Is 100621 a composite number?
False
Is 326721 composite?
True
Is 154577 composite?
True
Is 218846 a prime number?
False
Is 729617 a prime number?
False
Is 680039 prime?
True
Is 1739 composite?
True
Is 347093 prime?
False
Is 199285 a composite number?
True
Is 20827 composite?
True
Is 12297 prime?
False
Is 2063 composite?
False
Is 159977 a composite number?
False
Is 12319 a composite number?
True
Is 103321 a prime number?
False
Is 13669 a composite number?
False
Is 16295 composite?
True
Is 67 prime?
True
Is 75169 a composite number?
False
Is 73097 prime?
False
Is 121757 prime?
False
Is 20221 a composite number?
True
Is 1902643 composite?
False
Is 475063 a prime number?
False
Is 2151665 prime?
False
Is 634771 a composite number?
True
Is 6121 prime?
True
Is 20693 prime?
True
Is 36247 a prime number?
False
Is 9029 prime?
True
Is 1207 prime?
False
Is 58309 composite?
False
Is 37331 a prime number?
False
Is 44351 a composite number?
False
Is 3360937 prime?
True
Is 540361 a prime number?
False
Is 148279 a composite number?
False
Is 41077 prime?
True
Is 50357 a prime number?
False
Is 4855 a prime number?
False
Is 13897 a composite number?
True
Is 11411 a composite number?
False
Is 4316423 a prime number?
True
Is 1124309 a composite number?
True
Is 2291 prime?
False
Is 12071 a prime number?
True
Is 191855 prime?
False
Is 296486 a composite number?
True
Is 257 prime?
True
Is 160861 a prime number?
True
Is 10237 composite?
True
Is 107161 a prime number?
False
Is 739 prime?
True
Is 39851 composite?
True
Is 50821 prime?
True
Is 19661 composite?
False
Is 18311 prime?
True
Is 52433 a prime number?
True
Is 2741 prime?
True
Is 633 a prime number?
False
Is 9461 prime?
True
Is 41579 prime?
True
Is 236699 a prime number?
True
Is 405179 a prime number?
True
Is 50399 prime?
False
Is 2249987 a composite number?
False
Is 7897 composite?
True
Is 212827 composite?
False
Is 4955 a prime number?
False
Is 1797 a prime number?
False
Is 6287 a composite number?
False
Is 91513 a composite number?
False
Is 8367 a prime number?
False
Is 243073 composite?
False
Is 9371 a composite number?
False
Is 19121 a prime number?
True
Is 86837 prime?
True
Is 37735 composite?
True
Is 292101 a prime number?
False
Is 222259 prime?
False
Is 62165 a prime number?
False
Is 15349 composite?
False
Is 4957 a composite number?
False
Is 74677 a composite number?
True
Is 42779 composite?
True
Is 1298381 a prime number?
False
Is 27341 prime?
False
Is 3834529 a prime number?
True
Is 115589 a prime number?
True
Is 746153 a composite number?
False
Is 104107 composite?
False
Is 767 a composite number?
True
Is 1449493 composite?
True
Is 21445 prime?
False
Is 1489339 a composite number?
True
Is 20543 prime?
True
Is 93277 a prime number?
False
Is 73655 prime?
False
Is 131153 prime?
False
Is 5963 a composite number?
True
Is 5923 a composite number?
False
Is 158635 a prime number?
False
Is 10259 prime?
True
Is 62803 prime?
False
Is 343834 prime?
False
Is 419 prime?
True
Is 21731 composite?
True
Is 63311 prime?
True
Is 32107 prime?
False
Is 189541 prime?
False
Is 57467 composite?
False
Is 297547 a composite number?
True
Is 41771 a composite number?
False
Is 1105089 composite?
True
Is 3761 a prime number?
True
Is 296809 composite?
True
Is 8485 a composite number?
True
Is 81581 prime?
False
Is 91897 a composite number?
True
Is 185021 composite?
False
Is 1327 a prime number?
True
Is 17827 composite?
False
Is 162133 composite?
True
Is 431 a composite number?
False
Is 404161 a composite number?
False
Is 75397 a prime number?
False
Is 24197 prime?
True
Is 617483 a composite number?
True
Is 49745 prime?
False
Is 138559 a composite number?
False
Is 49391 a prime number?
True
Is 9781 prime?
True
Is 3082309 a composite number?
False
Is 58631 a prime number?
True
Is 345769 prime?
True
Is 16493 prime?
True
Is 839669 prime?
True
Is 34309 prime?
False
Is 551 a prime number?
False
Is 2195873 a prime number?
False
Is 18283 a composite number?
True
Is 445 a prime number?
False
Is 36523 a composite number?
False
Is 154153 a prime number?
True
Is 871 a composite number?
True
Is 416677 prime?
True
Is 2569 prime?
False
Is 7621 a composite number?
False
Is 156217 composite?
False
Is 1759 composite?
False
Is 80429 a prime number?
True
Is 106813 composite?
True
Is 210671 composite?
False
Is 58309 a composite number?
False
Is 191419 prime?
False
Is 26041 prime?
True
Is 32995 a prime number?
False
Is 1790889 prime?
False
Is 28387 a prime number?
True
Is 2441 a prime number?
True
Is 722909 a prime number?
False
Is 56263 prime?
True
Is 226293 prime?
False
Is 19639 a composite number?
True
Is 1749599 prime?
False
Is 23531 composite?
False
Is 131163 composite?
True
Is 54895 a composite number?
True
Is 16649 prime?
True
Is 517069 a composite number?
True
Is 79334 composite?
True
Is 307237 a composite number?
True
Is 38401 a prime number?
False
Is 170